**3 - 7*f**2 - 6*f + 2. Let n be y(-5). Let g = 40 + n. What is the tens digit of g?
2
Let r(n) = n + 6. Let l be r(7). Suppose -5*d - 27 = l. Let a = d - -19. What is the units digit of a?
1
Let t = -43 + 59. What is the units digit of t?
6
Let q(a) = 7*a**3 - a**2 + a - 1. Let f be q(1). Let j(k) be the first derivative of 3*k**2/2 + 1. What is the tens digit of j(f)?
1
Suppose -30 = 7*x - 275. What is the units digit of x?
5
Let y be 0*(-3)/(-6)*1. Suppose 2*t = -y*t + 86. Suppose -3*p - t = -5*i, 3*p = 4*i - p - 36. What is the units digit of i?
8
What is the tens digit of 656/12 + 2/(-3)?
5
What is the units digit of 90 - ((-2)/(-6))/(1/9)?
7
What is the units digit of ((-16)/(-9) - (-6)/27) + 97?
9
What is the units digit of (-8)/((-16)/(-4)) - -3?
1
Let v(h) be the second derivative of 2*h**3/3 - h**2/2 + 2*h. Let a be v(-1). What is the units digit of (-9)/a + (-4)/(-20)?
2
Let l = -7 - -11. Suppose -3*v + 6 = -0*j - l*j, 2*j + 5*v - 10 = 0. Suppose j = 4*k - 13 - 3. What is the units digit of k?
4
Let j(i) = -i**3 + 4*i**2 + 7*i - 5. Suppose 2*f = 5*f - 15. What is the units digit of j(f)?
5
Suppose -6*l = -10*l + 44. What is the units digit of l?
1
Suppose -5*k + 60 = -3*y - 51, -k = 4*y - 36. What is the units digit of k?
4
Let w = 3 - 0. Suppose -2*t + 2*c = 2, 5*t + w = -0*c + 3*c. Suppose -5*o + 4*o + 4 = t. What is the units digit of o?
4
Let r(c) = 3*c**2 - 13*c - 27. Let i(j) = -j**2 + 4*j + 9. Let n(p) = 17*i(p) + 6*r(p). What is the units digit of n(13)?
0
Suppose -11*l = -6*l - 1260. What is the units digit of ((-7)/3)/((-12)/l)?
9
What is the tens digit of ((-10)/(-14) - 1) + 4608/56?
8
Let c = 6 - -8. What is the units digit of c?
4
Let s be (2/4)/((-2)/(-44)). Suppose s = y - 1. What is the units digit of y?
2
Let j be (-5)/(-4)*(7 + -3). Let b = 5 - j. Suppose -6*r + r + 20 = b. What is the units digit of r?
4
Let i(q) = q**3 - 9*q**2 + q - 7. Let t be i(9). What is the units digit of ((-15)/(-10))/(t/12)?
9
Let z(d) = 2*d + 4. Let u be z(-7). Suppose r - 23 = -8. Let t = r + u. What is the units digit of t?
5
Suppose -2*r - 1 = -r + 2*i, -21 = -5*r + 3*i. Suppose -r = -3*c + 4*c. What is the units digit of (-4)/(-3) - c/(-9)?
1
Let n(p) = p**3 + 3*p**2 - p - 2. Let k be n(-2). What is the units digit of (6/k)/(14/504)?
4
What is the units digit of -2 + (-1)/(2/(-94))?
5
What is the units digit of (6/(-6))/(2/(-60))?
0
Let w = 56 + -23. What is the units digit of w?
3
Let m = -1 - -6. Suppose -d - 4*d - 5*v + 55 = 0, -m*v + 5 = 0. What is the units digit of d?
0
Let d(f) = f**3 + 5*f**2 - f - 2. Let i be d(-5). Let g be 0 + -1 + 1 + i. Let k = g + -2. What is the units digit of k?
1
Let r(o) = -o**3 + 2*o - 1. Let y(k) be the second derivative of k**3/3 + k. Let d be y(-1). What is the units digit of r(d)?
3
Suppose 6*b = b. Let f = b - -16. What is the tens digit of f?
1
Let a(d) = -4*d - 4. Let o be (-2)/(-5) + 192/(-30). What is the units digit of a(o)?
0
Let q = 25 + -18. Suppose 33 = 4*v + 4*s - q*s, -4*s + 22 = 2*v. What is the units digit of v?
9
Let w = 3 + -5. Let r(f) = 0*f + 27 - 7*f - 55 + 30. What is the units digit of r(w)?
6
Let d = 6 + 74. What is the tens digit of d?
8
Let n = -58 + 82. What is the units digit of n?
4
Let b be 1/2 - (-18)/4. Suppose 4*u - u + 3*a = 96, b*u - 2*a = 139. Let d = u + -21. What is the units digit of d?
8
Let v = 47 + -8. What is the tens digit of v?
3
Suppose 3 = -2*v + 3*v. Let a(r) = -r**2 + 4*r - 1. Let d be a(v). What is the units digit of (d/5)/((-3)/(-15))?
2
What is the units digit of (1540/(-105))/((-1)/9*1)?
2
Suppose 0 = 2*k + s - 11, 5*k + 0*k + 5*s - 30 = 0. Suppose 3*h + 4*u = 53, 0*h = -4*h + k*u + 112. What is the tens digit of h?
2
Let b(m) = 8*m**2 - 2*m. What is the tens digit of b(2)?
2
Let t be ((-6)/(-2))/((-15)/(-20)). Suppose 2*b = 3*n + 63, -t*b + b - n = -89. What is the units digit of b?
0
Let f(k) = -6*k + 1. Let t(j) = 2*j**3 - 2*j**2 + 2*j - 1. Let x be t(1). Let a be ((-1)/x)/(-1 + 2). What is the units digit of f(a)?
7
What is the units digit of (1551/(-12))/11*-4?
7
Suppose 0 = 6*f - 78 - 0. What is the tens digit of f?
1
Suppose -i + 2 = -2, i - 226 = -3*n. What is the tens digit of n?
7
Let x be -3*(1 + 16/(-6)). Suppose x*j - 62 = -2. What is the tens digit of j?
1
Let w be (-1)/2*(-6 + 2). What is the units digit of (-1)/2 + 19/w?
9
Let y(v) = 2*v**2 + 3*v - 3. Let j be y(-3). Let p(o) be the first derivative of -o**3/3 + 7*o**2/2 - 2*o - 1. What is the units digit of p(j)?
4
Suppose 2*m - 2*u - 28 = -u, -4*m + 58 = -u. What is the units digit of m?
5
Suppose -5*i = 10 + 15. Let g = -3 - i. Suppose 0 = -5*y - 10, -k - 6 = -g*k + 2*y. What is the units digit of k?
2
Suppose 35*k = 26*k + 2007. What is the hundreds digit of k?
2
Let o(g) be the second derivative of -1/2*g**2 - g - 1/2*g**3 + 0 + 1/6*g**4. What is the units digit of o(3)?
8
Let x be (2/(-6))/((-7)/126). Let t be -3 + x + 1*-12. Let f = 18 + t. What is the units digit of f?
9
Let p be 68/10 - (-2)/10. Let y = 36 - p. What is the tens digit of y?
2
Suppose -q + 9 = 4*q - 3*n, -2*n = q - 7. Let a be (-21)/(-2) + 2/4. Suppose 5*m + a = q*b + 6*m, b = 4*m - 5. What is the units digit of b?
3
Let y(k) = -k**2 - 11*k + 13. What is the units digit of y(-10)?
3
Let k = 21 - 12. Suppose 0 = -0*z - 3*z + k. Suppose z*v - 8 + 2 = 0. What is the units digit of v?
2
Let f be (-10)/(-4)*8/10. What is the units digit of f + (0 + -4)/(-1)?
6
Suppose y - 4 - 7 = 0. Suppose 5*w = -4*i + 11 + 45, 5*w - y = i. What is the units digit of i?
9
What is the units digit of 35 + (-4 - -1)/3?
4
Let g(m) = 6*m**2 + 3*m - 10. What is the tens digit of g(5)?
5
Let p(b) = b**3 + 17*b**2 - 7*b + 17. What is the tens digit of p(-17)?
3
Suppose -5*w - 10 = 0, 3*u - 6 = -0*u + 3*w. Let h(t) = -2*t + 17. What is the units digit of h(u)?
7
Let r(z) = z**3 + 2*z**2 - z - 9. What is the tens digit of r(4)?
8
Let o(u) = 3*u**2 + 17*u - 14. What is the tens digit of o(7)?
5
Let b = 7 + 65. Suppose 4*j - 76 = b. Suppose 2*d - 5*c - j = 0, -4*c - 16 = 4. What is the units digit of d?
6
Let m = -11 + 13. Suppose 5*c - m*s = 114, 0 = -5*c + 4*s + s + 105. What is the tens digit of c?
2
Let r(w) = -2*w**3 + 4*w**2 - 2*w - 2. Let z be r(2). What is the units digit of (z/3 - -36)/2?
7
Suppose 4 + 8 = -3*p. Let l = p - -4. Let d(q) = -q**2 - q + 2. What is the units digit of d(l)?
2
Let a(i) = 2*i**2 + i - 4. Let u(m) = -1. Let t(j) = -a(j) + 3*u(j). Let x be t(1). What is the units digit of x*(1 + 0)*-1?
2
Suppose -8*g + 1430 + 178 = 0. What is the hundreds digit of g?
2
Suppose -5*a - 3*z = -84, -2*a + 5*z + 60 = 3*a. Let s be (24/(-10) + 2)*-5. What is the units digit of s/5 - (-114)/a?
8
Suppose 2*y - y - 4 = 0. Suppose 0 = y*w - 0*w - 8. Suppose 66 = 5*n + w*d, -4*n - d + 44 + 7 = 0. What is the units digit of n?
2
What is the units digit of (-268)/(-8) + (-6)/(-4)?
5
Suppose 5*n + 25 = -0*n - 5*w, -n - 5*w - 25 = 0. Let p(s) = 7*s + 5*s**3 - 6*s**3 + 8 - 6*s. What is the units digit of p(n)?
8
Let a be -2*((-15)/2)/3. Let s be (-1)/((-5)/3)*a. What is the units digit of (-8)/s*-3*1?
8
What is the tens digit of -2 + 1 - (-2 + -9)?
1
Let v = 353 - 182. What is the tens digit of v?
7
Suppose 5*d - 7*d + 300 = 0. What is the hundreds digit of d?
1
Let y = -4 + 4. Let d be 25/3 - 1/3. Suppose -x - x + d = y. What is the units digit of x?
4
Let n be (-2)/3 + 10/(-3). Let z = n - -4. Suppose -5*m - r + 20 = 0, -m + 2*r + z = -15. What is the units digit of m?
5
Suppose -3*g = -5*g + 68. What is the tens digit of g?
3
Suppose 24*h - 28*h + 1636 = 0. What is the units digit of h?
9
Suppose 0 = 4*o - 2 - 6. Suppose -2*k - o = -4*k. What is the units digit of 2 + k/(2/6)?
5
Let i(s) be the second derivative of -s**5/10 + s**4/6 - s**3/3 - s**2/2 - 2*s. Let d be i(2). Let q = 19 + d. What is the units digit of q?
6
Let u = 0 - -3. Let v(a) = u*a + 0*a + 11 + 2*a + a**3 - 6*a. What is the units digit of v(0)?
1
Let h(a) = -a. Let y be h(-5). Suppose 3*x + 12 = n + 70, n + 98 = y*x. What is the tens digit of x?
2
Suppose 5*o + 5*z = 30, 4*o - z - 31 = 2*z. What is the units digit of o?
7
Suppose w = 4, 3*w - 7*w - 224 = -4*f. What is the tens digit of f?
6
Suppose 0 = -4*v + 2*t - 139 + 37, -4*v = 4*t + 132. Suppose 0 = 4*o - 